nder when 84 is divided by h?
26
Suppose 17*l - 185 = 240. What is the remainder when 41 is divided by l?
16
Suppose 3*y = 2*y + 4. Suppose 255 = -43*p + 60*p. Calculate the remainder when p is divided by y.
3
Let a(r) = r**3 + 18*r**2 + 18*r + 22. Let o be a(-17). Calculate the remainder when 3 is divided by ((10/6)/o)/((-3)/(-27)).
0
Let y = -539 + 555. Calculate the remainder when 57 is divided by y.
9
Let a(s) = 4*s - 9 + s**3 - 78*s**2 + 157*s**2 - 72*s**2. Calculate the remainder when 13 is divided by a(-6).
1
Let a = 11 + -6. Let j = 82 + -82. Let x = a + j. Calculate the remainder when 13 is divided by x.
3
Let q = 592 - 541. What is the remainder when 203 is divided by q?
50
Calculate the remainder when 123 is divided by ((-3)/4)/((-234)/10920).
18
Suppose 37*q - 14*q = 6716. Calculate the remainder when q is divided by 8.
4
Let o(w) = 30*w + 117. Calculate the remainder when o(7) is divided by 108.
3
Let s = -39 - -105. Suppose -5 = g + x, -3*x - 46 = 5*g - 5*x. Let v = 25 + g. What is the remainder when s is divided by v?
15
Let n(f) = 2*f**2 - 5*f - 1. What is the remainder when n(8) is divided by 45?
42
Suppose -55*o + 2970 = -50*o. Suppose 6*q - o = -5*q. What is the remainder when 156 is divided by q?
48
Let m(s) = 4*s**3 + 8*s**2 + 6*s - 1. Let t(l) = -2*l**3 - 4*l**2 - 3*l + 1. Let u(y) = 3*m(y) + 7*t(y). Calculate the remainder when 121 is divided by u(-3).
28
Let j(a) = a**3 - 13*a**2 + 13*a - 10. Let g be j(12). Suppose d + 5 = 3*v, 0 = g*d - 5*v + 6. What is the remainder when 13 is divided by d?
6
Let n(o) = 2*o**2 - 5*o + 5. Let m be n(6). Let p = 99 - m. Calculate the remainder when 8 is divided by p/10 + 3/(-15).
3
Suppose -4*f - 10 = f. Let t = f - -20. Let b = -26 + 78. What is the remainder when b is divided by t?
16
Let b(h) = -h**3 + 23*h**2 + 28*h - 76. Calculate the remainder when 71 is divided by b(24).
11
Let y(n) = 10*n**2 + 3*n + 1. What is the remainder when y(2) is divided by 4?
3
Let x = -206 + 385. Let w(y) = 4*y**2 - 191*y + 1022. What is the remainder when x is divided by w(6)?
19
Let f(m) = -6*m - 4. What is the remainder when 293 is divided by f(-9)?
43
Let f be (342/(-12))/(3 + (-42)/16). Let r = f + 84. Calculate the remainder when r is divided by (-1)/(-4) + 22/8.
2
Let g(o) = -o. Let m be g(-3). Suppose -m*k + 0*k + 51 = 3*x, -2*k - 18 = -2*x. Let p = 694 - 670. Calculate the remainder when p is divided by x.
11
Suppose 5*s + 4*w = -0*s + 218, -4*s + 4*w = -196. What is the remainder when 318 is divided by s?
42
Let m = -1 + 11. Calculate the remainder when (-14)/(-5) - (-2)/m is divided by 1.
0
Let a(w) = -4*w + 78. Let p(m) = -2*m - 9. Suppose r - 3*b + 9 = -3*r, 8 = 2*r - 4*b. Calculate the remainder when a(18) is divided by p(r).
0
Suppose 2*w + 74 = 2*x, -5*x - 62 = -4*w - 242. What is the remainder when 43 is divided by x?
11
Suppose -2*t = 3*i - 307, -3*i - 5*t + 313 = -0. Suppose 5*r - i = 24. Let b = 76 - -22. What is the remainder when b is divided by r?
23
Let u(v) = 6*v + 10. Let x(n) = -n - 1. Let i(p) = -u(p) - 4*x(p). Let c be i(-5). Calculate the remainder when 9 is divided by 12/15*(c - -1).
1
Let t(n) = -n**2 + 44*n + 621. What is the remainder when t(0) is divided by 39?
36
Suppose -5*q = -24 - 31. Let v(p) = -3*p + 67. Calculate the remainder when v(8) is divided by q.
10
Let f(d) = 125*d + 996. Calculate the remainder when f(-6) is divided by 37.
24
Let l = -74 - -81. Suppose 0 = -l*c - 74 + 319. Calculate the remainder when c is divided by 12.
11
Suppose -8*s = -10*s + 98. What is the remainder when 146 is divided by s?
48
Suppose 0 = -r + 12 - 9. Suppose -5*u - 5*o = -0*o - 50, u = r*o + 22. What is the remainder when 48 is divided by u?
9
What is the remainder when 2/(20/(-35))*-32 - 5 is divided by 29?
20
Suppose 8 = 2*x - 4. Suppose x*r - 12 = 84. Calculate the remainder when r is divided by 6.
4
Let p(v) = -v**3 + v**2 + v + 108. Let m be p(0). Suppose -w + 6*w + 5*j = 550, -w = 3*j - m. Calculate the remainder when w is divided by 12*8/32 - -25.
27
Let s(c) = -c**2 - 43*c - 278. Calculate the remainder when 465 is divided by s(-12).
89
Let i = -59 + 89. What is the remainder when 18/i*(16 + -1) is divided by 7?
2
Suppose -3*k = r - 1, -k = 5*r - 2*k + 11. What is the remainder when 110 is divided by ((-56)/10)/(r/10)?
26
Let x(l) be the third derivative of -l**4/24 + 5*l**3/3 + 6*l**2. Calculate the remainder when 4 is divided by x(7).
1
Suppose -2*q = -2*o + 5*o - 23, -3*q = 4*o - 32. Suppose q*z - 225 = -z. Suppose 71*k - 1472 = 7*k. Calculate the remainder when z is divided by k.
22
Suppose 80 = d - 5*b - 32, 0 = -3*d + 4*b + 325. Let p = d + -61. Calculate the remainder when p is divided by 7.
4
Let a = -18 + 15. Let c be (a + 15)*(-9)/(-2). Let y = c + 26. What is the remainder when y is divided by 21?
17
Let w(h) = 72*h - 38. What is the remainder when w(5) is divided by 18?
16
Suppose 3*c - 12 = 0, n - 5 = 6*n + 5*c. Let s = 23 + n. Suppose f - 4*f = -21. What is the remainder when s is divided by f?
4
Let g(u) = 4*u**2 - u + 4. Let y be g(3). Let l(t) = -17*t + 8. Let k be l(2). Let x = k + y. What is the remainder when 42 is divided by x?
9
Suppose -4*k + 51 = -3*k. Suppose 4*j + 3*b = 8 - 42, -3*b = -2*j - 8. Let z = j + 20. What is the remainder when k is divided by z?
12
Suppose -c = -4*p - 11 - 28, 71 = 4*c + p. Calculate the remainder when 26 is divided by c.
7
Let c = 75 + -38. Let x = c + -23. Let s(z) = z**3 + 9*z**2 + 23*z + 56. Calculate the remainder when s(-6) is divided by x.
12
Suppose -3*p - 258 = -5*q, 8 - 162 = -3*q + 2*p. Suppose -k + 0*k = -q. Calculate the remainder when k is divided by ((-1)/3)/(76/(-4332)).
16
Let n(q) = q**2 - 43*q + 59. What is the remainder when 133 is divided by n(42)?
14
Let h(z) be the first derivative of -2*z**3/3 - z**2 + 31*z + 10. Calculate the remainder when h(0) is divided by 18.
13
Let g(q) = -5*q**3 + 7*q + 3. Calculate the remainder when 115 is divided by g(-2).
28
Suppose -q = k - 26, -3*q = -5*k - 84 + 6. Let y = 48 - q. Let r(s) = s**3 + 5*s**2 - 3*s - 9. Calculate the remainder when y is divided by r(-5).
4
Suppose -5*w + 49 = 2*w. Let r(u) = 4*u**2 - 5*u + 5. Let v be r(w). Suppose 5*m + 31 - v = 0. What is the remainder when 79 is divided by m?
25
Let m(p) = p - 9. Let r(b) be the second derivative of b**3/6 - 13*b**2/2 + b. Let u(z) = 7*m(z) - 5*r(z). Calculate the remainder when 46 is divided by u(7).
14
Let t be 40/40*(-1 + (52 - 1)). Let v = t + -15. What is the remainder when v is divided by 9?
8
Let t(m) = 14*m**2 - 79*m + 318. Calculate the remainder when t(4) is divided by 60.
46
Let m be (-33 - -3)*(-2)/6. Let i(f) = 12*f**2 - f - 1. What is the remainder when i(2) is divided by (2 + 0)*m + 4?
21
Let v(l) = l**2 + 22*l - 37. Calculate the remainder when 147 is divided by v(-25).
33
Let b = -564 - -598. Calculate the remainder when 167 is divided by b.
31
Suppose 15 = -3*n, -4706 = -3*s - 4*n - 628. What is the remainder when s is divided by 24?
22
Let n(y) = -2*y - 1. What is the remainder when 477 is divided by n(-7)?
9
Let p = 2 - 0. Suppose p*r - 88 = -2*r. What is the remainder when r is divided by 10 - 8 - 2*-2?
4
Let j(t) = -2*t**3 - 17*t**2 - 31*t + 3. Calculate the remainder when j(-7) is divided by 26.
21
Suppose 74*k + 140 = 81*k. What is the remainder when 164 is divided by k?
4
Suppose -2*g = -5*n - 336, 497 = 2*g + g - 4*n. What is the remainder when g is divided by 52?
7
Let c = -657 - -670. Calculate the remainder when 116 is divided by c.
12
Suppose 0*h + h = 0. Let q(p) = p - 15. Let g(k) = 3*k - 29. Let t(u) = 2*g(u) - 5*q(u). Calculate the remainder when t(h) is divided by 9.
8
Suppose 21 = k + 5*m, 2*k - 42 + 14 = 4*m. What is the remainder when 62 is divided by k?
14
Let h = 855 - 838. Calculate the remainder when 338 is divided by h.
15
Let f = 35 + 47. Suppose 59 = 3*w + 3*p - 1, -5*w + f = -p. Calculate the remainder when w is divided by 4.
1
Let g = -43 - -35. What is the remainder when ((-26)/g)/((-1)/(-12)) is divided by 22?
17
Suppose 17*f = -5*p + 19*f + 82, 2*f = -4*p + 80. Calculate the remainder when p is divided by 2/2*(-15)/(-3).
3
Suppose -2 = -3*h + 2*h. Suppose -6*p - 40 = -h*p. What is the remainder when 42 is divided by (44/p)/((-2)/10)?
20
Let i = 